{"id":150,"date":"2025-01-14T21:17:23","date_gmt":"2025-01-14T20:17:23","guid":{"rendered":"https:\/\/latinoabend.com\/?page_id=150"},"modified":"2026-06-13T19:12:00","modified_gmt":"2026-06-13T17:12:00","slug":"anmeldung-deutsch","status":"publish","type":"page","link":"https:\/\/latinoabend.com\/de\/anmeldung-deutsch\/","title":{"rendered":"Gemeinsam f\u00fcr Christus"},"content":{"rendered":"<p class=\"wp-block-paragraph\">Latinos in der Schweiz und auf der ganzen Welt mit einem Ziel zu verbinden: bei jeder Begegnung Leben zu ver\u00e4ndern.<\/p>\n\n\n\n<h2 class=\"wp-block-heading\">Latino Abend<\/h2>\n\n\n\n<figure class=\"wp-block-video wp-block-embed is-type-video is-provider-videopress\"><div class=\"wp-block-embed__wrapper\">\n<iframe loading=\"lazy\" title=\"VideoPress Video Player\" aria-label=\"VideoPress Video Player\" width=\"840\" height=\"462\" src=\"https:\/\/videopress.com\/embed\/pHD0pWfC?cover=1&amp;posterUrl=https%3A%2F%2Fvideos.files.wordpress.com%2FpHD0pWfC%2Fvid-20240322-wa0007_mp4_std.original.jpg&amp;preloadContent=metadata&amp;useAverageColor=1&amp;hd=0\" frameborder=\"0\" allowfullscreen data-resize-to-parent=\"true\" allow=\"clipboard-write\"><\/iframe><script src='https:\/\/v0.wordpress.com\/js\/next\/videopress-iframe.js?m=1770107250'><\/script>\n<\/div><\/figure>\n\n\n\n<p class=\"wp-block-paragraph\">Willkommen auf unserer Latino-Abend-Plattform, einem Raum f\u00fcr die Latino-Gemeinschaft und f\u00fcr alle, die, ohne Latinos zu sein, ihren Glauben an Christus gemeinsam mit uns in der Schweiz wachsen, teilen und st\u00e4rken wollen.<\/p>\n\n\n\n<p class=\"wp-block-paragraph\">Egal, welchen Hintergrund du hast, wenn du die Liebe zu Christus teilst und den Wunsch hast, in Gemeinschaft zu leben, ist dieser Ort auch f\u00fcr dich!<\/p>\n\n\n\n<figure class=\"wp-block-gallery has-nested-images columns-default is-cropped wp-block-gallery-1 is-layout-flex wp-block-gallery-is-layout-flex\"><\/figure>\n\n\n\n<p class=\"wp-block-paragraph\">Liebe Leiter und Br\u00fcder in Christus,<\/p>\n\n\n\n<p class=\"wp-block-paragraph\">herzliche Gr\u00fc\u00dfe in der Liebe unseres Herrn Jesus Christus. Mit gro\u00dfer Freude m\u00f6chten wir Sie zu unserem 2. Christlichen Kongress in der Schweiz einladen, einem Ort, der mit Gebet und Hingabe vorbereitet wurde, um den Glauben, die Gemeinschaft und die Einheit unter denen zu st\u00e4rken, die dem Herrn in diesem Land dienen.<\/p>\n\n\n\n<p class=\"wp-block-paragraph\">Auch wenn viele von uns sich nicht pers\u00f6nlich kennen, verbindet uns derselbe Glaube, dieselbe Berufung und der tiefe Wunsch, das Reich Gottes inmitten der spanischsprachigen Gemeinschaft in der Schweiz zu festigen und wachsen zu sehen.<\/p>\n\n\n\n<p class=\"wp-block-paragraph\">Dieser Kongress wurde mit dem Ziel ins Leben gerufen, einen Ort der Begegnung zu schaffen, an dem wir uns kennenlernen, Erfahrungen austauschen, Zeugnis davon geben k\u00f6nnen, was Gott getan hat, die Einheit f\u00f6rdern und uns gegenseitig in seinem Wort aufbauen k\u00f6nnen, in der Erkenntnis, dass der einzige Protagonist der K\u00f6nig der Herrlichkeit ist, dem wir dienen.<\/p>\n\n\n\n<p class=\"wp-block-paragraph\">Dieses Mal haben wir den Apostel und Lehrer Gustavo Lara aus Argentinien, Pastorin Ligia de Aldana aus den USA und zusammen mit ihnen weitere Pastoren aus Guatemala zu Gast.<\/p>\n\n\n\n<p class=\"wp-block-paragraph\">Wir glauben, dass Gott f\u00fcr jeden von uns einen besonderen Plan hat und dass seine Gegenwart uns st\u00e4rken und dazu bewegen wird, ihm weiterhin treu und liebevoll zu dienen, wenn wir zusammenkommen.<\/p>\n\n\n\n<p class=\"wp-block-paragraph\">Wir laden Sie herzlich ein, sich den Termin f\u00fcr diesen Kongress vorzumerken und Teil dessen zu sein, was Gott inmitten seiner Kirche tun m\u00f6chte.<\/p>\n\n\n\n<p class=\"wp-block-paragraph\">Samstag, 7. November 2026. Reservieren Sie sich den ganzen Tag in Ihrem Kalender. Weitere Informationen folgen zu einem sp\u00e4teren Zeitpunkt.<\/p>\n\n\n\n<p class=\"wp-block-paragraph\">Die Adresse lautet: Centro Arche Winti \u2013 Heinrich Boshard-strasse 2, 8405 Winterthur.<\/p>\n\n\n\n<p class=\"wp-block-paragraph\">Wir freuen uns auf Ihre Teilnahme und darauf, diese gesegnete Zeit gemeinsam zu verbringen.<\/p>\n\n\n\n<p class=\"wp-block-paragraph\">Mit freundlichen Gr\u00fc\u00dfen,<\/p>\n\n\n\n<p class=\"wp-block-paragraph\">Team Latino Abend<\/p>\n\n\n\n<figure class=\"wp-block-gallery has-nested-images columns-default is-cropped wp-block-gallery-2 is-layout-flex wp-block-gallery-is-layout-flex\"><\/figure>\n\n\n\n<blockquote class=\"wp-block-quote is-layout-flow wp-block-quote-is-layout-flow\">\n<p class=\"wp-block-paragraph\">\u201cDem, der auf dem Thron sitzt, und dem Lamm sei Lob und Ehre und Herrlichkeit und Macht von Ewigkeit zu Ewigkeit\u00bb.<\/p>\n\n\n\n<p class=\"wp-block-paragraph\">Offenbarung 5:13<\/p>\n<\/blockquote>\n\n\n\n<figure class=\"wp-block-embed is-type-video is-provider-youtube wp-block-embed-youtube wp-embed-aspect-16-9 wp-has-aspect-ratio\"><div class=\"wp-block-embed__wrapper\">\n<span class=\"embed-youtube\" style=\"text-align:center; display: block;\"><iframe loading=\"lazy\" class=\"youtube-player\" width=\"840\" height=\"473\" src=\"https:\/\/www.youtube.com\/embed\/BPFfAWpsPh0?version=3&#038;rel=1&#038;showsearch=0&#038;showinfo=1&#038;iv_load_policy=1&#038;fs=1&#038;hl=de-DE&#038;autohide=2&#038;wmode=transparent\" allowfullscreen=\"true\" style=\"border:0;\" sandbox=\"allow-scripts allow-same-origin allow-popups allow-presentation allow-popups-to-escape-sandbox\"><\/iframe><\/span>\n<\/div><\/figure>\n\n\n\n<ul class=\"wp-block-social-links is-layout-flex wp-block-social-links-is-layout-flex\"><\/ul>\n\n\n\n<p class=\"wp-block-paragraph\"><\/p>\n\n\n\n<div class=\"wp-block-jetpack-event-countdown\"><div><div class=\"event-countdown__date\">1750518240<\/div><div class=\"event-countdown__counter\"><p><strong class=\"event-countdown__day\">&nbsp;<\/strong> d\u00edas<\/p><p><span><strong class=\"event-countdown__hour\">&nbsp;<\/strong> horas<\/span><span><strong class=\"event-countdown__minute\">&nbsp;<\/strong> minutos<\/span><span><strong class=\"event-countdown__second\">&nbsp;<\/strong> segundos<\/span><\/p><p>hasta<\/p><\/div><div class=\"event-countdown__event-title\"><p>Anmeldung f\u00fcr ben\u00f6tigte \u00dcbersetzung<\/p><\/div><\/div><\/div>\n\n\n\n<p class=\"wp-block-paragraph\"><\/p>\n\n\n<div class=\"wp-block-jetpack-contact-form is-layout-flex wp-container-jetpack-contact-form-is-layout-53c17e14 wp-block-jetpack-contact-form-is-layout-flex\"><a href=\"https:\/\/latinoabend.com\/de\/anmeldung-deutsch\/\" target=\"_blank\" rel=\"noopener noreferrer\">Formular einreichen.<\/a><\/div>\n\n\n<details class=\"wp-block-details is-layout-flow wp-block-details-is-layout-flow\"><summary><\/summary>\n\n<h1 class=\"wp-block-site-title\"><a href=\"https:\/\/latinoabend.com\/de\" target=\"_self\" rel=\"home\">Latino Abend<\/a><\/h1><\/details>\n\n\n\n<p class=\"wp-block-paragraph\">Adresse: <\/p>\n\n\n\n<p class=\"wp-block-paragraph\">Arche Winti  Heinrich Bosshard Strasse 2, 8405 Winterthur<\/p>\n\n\n\n<p class=\"wp-block-paragraph\">E-mail: latinoabend@gmail.com<\/p>\n\n\n\n<p class=\"wp-block-paragraph\"><\/p>","protected":false},"excerpt":{"rendered":"<p>Latinos in der Schweiz und auf der ganzen Welt mit einem Ziel zu verbinden: bei jeder Begegnung Leben zu ver\u00e4ndern. Latino Abend Willkommen auf unserer Latino-Abend-Plattform, einem Raum f\u00fcr die Latino-Gemeinschaft und f\u00fcr alle, die, ohne Latinos zu sein, ihren Glauben an Christus gemeinsam mit uns in der Schweiz wachsen, teilen und st\u00e4rken wollen. Egal, &hellip; <a href=\"https:\/\/latinoabend.com\/de\/anmeldung-deutsch\/\" class=\"more-link\"><span class=\"screen-reader-text\">\u201eGemeinsam f\u00fcr Christus\u201c<\/span> weiterlesen<\/a><\/p>","protected":false},"author":260325276,"featured_media":0,"parent":0,"menu_order":0,"comment_status":"closed","ping_status":"closed","template":"","meta":{"advanced_seo_description":"","jetpack_seo_html_title":"","jetpack_seo_noindex":false,"jetpack_seo_schema_type":"","_wpcom_ai_launchpad_about_page":false,"_wpcom_ai_launchpad_gallery_page":false,"_wpcom_ai_launchpad_contact_page":false,"_wpcom_ai_launchpad_events_page":false,"_wpcom_ai_launchpad_video_page":false,"_wpcom_ai_launchpad_portfolio_piece":false,"footnotes":"","big_sky_generated":false},"class_list":["post-150","page","type-page","status-publish","hentry"],"jetpack_likes_enabled":true,"jetpack_sharing_enabled":true,"jetpack_shortlink":"https:\/\/wp.me\/PggKM1-2q","jetpack-related-posts":[],"_links":{"self":[{"href":"https:\/\/latinoabend.com\/de\/wp-json\/wp\/v2\/pages\/150","targetHints":{"allow":["GET"]}}],"collection":[{"href":"https:\/\/latinoabend.com\/de\/wp-json\/wp\/v2\/pages"}],"about":[{"href":"https:\/\/latinoabend.com\/de\/wp-json\/wp\/v2\/types\/page"}],"author":[{"embeddable":true,"href":"https:\/\/latinoabend.com\/de\/wp-json\/wp\/v2\/users\/260325276"}],"replies":[{"embeddable":true,"href":"https:\/\/latinoabend.com\/de\/wp-json\/wp\/v2\/comments?post=150"}],"version-history":[{"count":24,"href":"https:\/\/latinoabend.com\/de\/wp-json\/wp\/v2\/pages\/150\/revisions"}],"predecessor-version":[{"id":292,"href":"https:\/\/latinoabend.com\/de\/wp-json\/wp\/v2\/pages\/150\/revisions\/292"}],"wp:attachment":[{"href":"https:\/\/latinoabend.com\/de\/wp-json\/wp\/v2\/media?parent=150"}],"curies":[{"name":"wp","href":"https:\/\/api.w.org\/{rel}","templated":true}]}}

Gemeinsam für Christus

<p class="wp-block-paragraph">Latinos in der Schweiz und auf der ganzen Welt mit einem Ziel zu verbinden: bei jeder Begegnung Leben zu verändern.</p>



<h2 class="wp-block-heading">Latino Abend</h2>



<figure class="wp-block-video wp-block-embed is-type-video is-provider-videopress"><div class="wp-block-embed__wrapper">
<iframe loading="lazy" title="VideoPress Video Player" aria-label="VideoPress Video Player" width="840" height="462" src="https://videopress.com/embed/pHD0pWfC?cover=1&amp;posterUrl=https%3A%2F%2Fvideos.files.wordpress.com%2FpHD0pWfC%2Fvid-20240322-wa0007_mp4_std.original.jpg&amp;preloadContent=metadata&amp;useAverageColor=1&amp;hd=0" frameborder="0" allowfullscreen data-resize-to-parent="true" allow="clipboard-write"></iframe><script src='https://v0.wordpress.com/js/next/videopress-iframe.js?m=1770107250'></script>
</div></figure>



<p class="wp-block-paragraph">Willkommen auf unserer Latino-Abend-Plattform, einem Raum für die Latino-Gemeinschaft und für alle, die, ohne Latinos zu sein, ihren Glauben an Christus gemeinsam mit uns in der Schweiz wachsen, teilen und stärken wollen.</p>



<p class="wp-block-paragraph">Egal, welchen Hintergrund du hast, wenn du die Liebe zu Christus teilst und den Wunsch hast, in Gemeinschaft zu leben, ist dieser Ort auch für dich!</p>



<figure class="wp-block-gallery has-nested-images columns-default is-cropped wp-block-gallery-1 is-layout-flex wp-block-gallery-is-layout-flex"></figure>



<p class="wp-block-paragraph">Liebe Leiter und Brüder in Christus,</p>



<p class="wp-block-paragraph">herzliche Grüße in der Liebe unseres Herrn Jesus Christus. Mit großer Freude möchten wir Sie zu unserem 2. Christlichen Kongress in der Schweiz einladen, einem Ort, der mit Gebet und Hingabe vorbereitet wurde, um den Glauben, die Gemeinschaft und die Einheit unter denen zu stärken, die dem Herrn in diesem Land dienen.</p>



<p class="wp-block-paragraph">Auch wenn viele von uns sich nicht persönlich kennen, verbindet uns derselbe Glaube, dieselbe Berufung und der tiefe Wunsch, das Reich Gottes inmitten der spanischsprachigen Gemeinschaft in der Schweiz zu festigen und wachsen zu sehen.</p>



<p class="wp-block-paragraph">Dieser Kongress wurde mit dem Ziel ins Leben gerufen, einen Ort der Begegnung zu schaffen, an dem wir uns kennenlernen, Erfahrungen austauschen, Zeugnis davon geben können, was Gott getan hat, die Einheit fördern und uns gegenseitig in seinem Wort aufbauen können, in der Erkenntnis, dass der einzige Protagonist der König der Herrlichkeit ist, dem wir dienen.</p>



<p class="wp-block-paragraph">Dieses Mal haben wir den Apostel und Lehrer Gustavo Lara aus Argentinien, Pastorin Ligia de Aldana aus den USA und zusammen mit ihnen weitere Pastoren aus Guatemala zu Gast.</p>



<p class="wp-block-paragraph">Wir glauben, dass Gott für jeden von uns einen besonderen Plan hat und dass seine Gegenwart uns stärken und dazu bewegen wird, ihm weiterhin treu und liebevoll zu dienen, wenn wir zusammenkommen.</p>



<p class="wp-block-paragraph">Wir laden Sie herzlich ein, sich den Termin für diesen Kongress vorzumerken und Teil dessen zu sein, was Gott inmitten seiner Kirche tun möchte.</p>



<p class="wp-block-paragraph">Samstag, 7. November 2026. Reservieren Sie sich den ganzen Tag in Ihrem Kalender. Weitere Informationen folgen zu einem späteren Zeitpunkt.</p>



<p class="wp-block-paragraph">Die Adresse lautet: Centro Arche Winti – Heinrich Boshard-strasse 2, 8405 Winterthur.</p>



<p class="wp-block-paragraph">Wir freuen uns auf Ihre Teilnahme und darauf, diese gesegnete Zeit gemeinsam zu verbringen.</p>



<p class="wp-block-paragraph">Mit freundlichen Grüßen,</p>



<p class="wp-block-paragraph">Team Latino Abend</p>



<figure class="wp-block-gallery has-nested-images columns-default is-cropped wp-block-gallery-2 is-layout-flex wp-block-gallery-is-layout-flex"></figure>



<blockquote class="wp-block-quote is-layout-flow wp-block-quote-is-layout-flow">
<p class="wp-block-paragraph">“Dem, der auf dem Thron sitzt, und dem Lamm sei Lob und Ehre und Herrlichkeit und Macht von Ewigkeit zu Ewigkeit».</p>



<p class="wp-block-paragraph">Offenbarung 5:13</p>
</blockquote>



<figure class="wp-block-embed is-type-video is-provider-youtube wp-block-embed-youtube wp-embed-aspect-16-9 wp-has-aspect-ratio"><div class="wp-block-embed__wrapper">
<span class="embed-youtube" style="text-align:center; display: block;"><iframe loading="lazy" class="youtube-player" width="840" height="473" src="https://www.youtube.com/embed/BPFfAWpsPh0?version=3&#038;rel=1&#038;showsearch=0&#038;showinfo=1&#038;iv_load_policy=1&#038;fs=1&#038;hl=de-DE&#038;autohide=2&#038;wmode=transparent" allowfullscreen="true" style="border:0;" sandbox="allow-scripts allow-same-origin allow-popups allow-presentation allow-popups-to-escape-sandbox"></iframe></span>
</div></figure>



<ul class="wp-block-social-links is-layout-flex wp-block-social-links-is-layout-flex"></ul>



<p class="wp-block-paragraph"></p>



<div class="wp-block-jetpack-event-countdown"><div><div class="event-countdown__date">1750518240</div><div class="event-countdown__counter"><p><strong class="event-countdown__day">&nbsp;</strong> días</p><p><span><strong class="event-countdown__hour">&nbsp;</strong> horas</span><span><strong class="event-countdown__minute">&nbsp;</strong> minutos</span><span><strong class="event-countdown__second">&nbsp;</strong> segundos</span></p><p>hasta</p></div><div class="event-countdown__event-title"><p>Anmeldung für benötigte Übersetzung</p></div></div></div>



<p class="wp-block-paragraph"></p>


<div class="wp-block-jetpack-contact-form is-layout-flex wp-container-jetpack-contact-form-is-layout-53c17e14 wp-block-jetpack-contact-form-is-layout-flex"><a href="https://latinoabend.com/de/anmeldung-deutsch/" target="_blank" rel="noopener noreferrer">Formular einreichen.</a></div>


<details class="wp-block-details is-layout-flow wp-block-details-is-layout-flow"><summary></summary>

<h1 class="wp-block-site-title"><a href="https://latinoabend.com/de" target="_self" rel="home">Latino Abend</a></h1></details>



<p class="wp-block-paragraph">Adresse: </p>



<p class="wp-block-paragraph">Arche Winti  Heinrich Bosshard Strasse 2, 8405 Winterthur</p>



<p class="wp-block-paragraph">E-mail: latinoabend@gmail.com</p>



<p class="wp-block-paragraph"></p>

<p>Latinos in der Schweiz und auf der ganzen Welt mit einem Ziel zu verbinden: bei jeder Begegnung Leben zu verändern. Latino Abend Willkommen auf unserer Latino-Abend-Plattform, einem Raum für die Latino-Gemeinschaft und für alle, die, ohne Latinos zu sein, ihren Glauben an Christus gemeinsam mit uns in der Schweiz wachsen, teilen und stärken wollen. Egal, &hellip; <a href="https://latinoabend.com/de/anmeldung-deutsch/" class="more-link"><span class="screen-reader-text">„Gemeinsam für Christus“</span> weiterlesen</a></p>
